he first derivative of q**5/20 + 7*q**4/12 + 7*q**3/6 + 7*q**2/2 + 16*q + 7. Let x(s) be the first derivative of k(s). What is x(-6)?
1
Let r(b) be the third derivative of b**6/120 - b**5/15 - b**4/12 + b**3/3 - b**2. Let h be (8/10)/(39/195). Determine r(h).
-6
Let j(s) = -s**2 + 3. Suppose -4*a + 16 = 8. Suppose -a*o + 2*h - 1 - 3 = 0, 20 = 5*o + h. Determine j(o).
-6
Suppose -8*r = -3*r + 180. Let x be (1/2)/((-6)/r). Let l(z) = z**2 - 2*z + 2. Give l(x).
5
Let c(k) = -k**2 - 2*k. Let a(x) = 2*x**2 + 5*x. Let i(q) = -3*a(q) - 7*c(q). Let s = -41 + 44. Determine i(s).
6
Let c(h) = h**3 + 2*h**2 - 5*h + 2. Let j = -3185 - -3181. What is c(j)?
-10
Let t(c) be the first derivative of 26*c**3/3 + c**2/2 - 67. Calculate t(-1).
25
Let s(k) = k**2 + 3*k - 1. Let i be s(-4). Let u be (1 - 3)*i/(-3). Suppose 5*j + 15 = -5*v - 0, -v - u*j = 8. Let q(l) = -6*l + 3. Calculate q(v).
-9
Let l be 2 - (-34 - -35)*2/(-1). Let f(p) = p**3 - 5*p**2 + 3*p. What is f(l)?
-4
Let w(q) = 2*q**2 + 3*q + 8. Let z be w(-2). Suppose 16 = p + 5*x, z*p = 6*p + x + 22. Let l(j) = j**3 - 7*j**2 + 7*j - 3. Determine l(p).
3
Let l(y) = 3*y + 3*y**2 + 18 - 56 + 44. Give l(-3).
24
Let r(p) = -2 - p**3 + 3*p - 10*p**2 + 2*p**3 + 15*p**2 - 1. Determine r(-3).
6
Let n(v) = v**3 - 6*v**2 + 6*v - 3. Let y be n(5). Let p be 0/((y - 3) + 3). Let h(d) = d**3 - d**2 - d + 20. Calculate h(p).
20
Let a(x) be the first derivative of -x**4/4 - 4*x**3/3 + 2*x**2 + 5*x - 5. Let v be -2 + (-8 - -6) + -1. Determine a(v).
10
Let l(r) = 3*r + 40. Let y(v) = 36*v + 21. Let p be y(-1). Give l(p).
-5
Let g(s) = -s**2 + 4*s + 3. Suppose -5*y - 8 = -13. Let l(x) = 2*x**3 + x**2 + x - 1. Let f be l(y). What is g(f)?
6
Let t(j) = 2 - 6*j**2 - 5 + 1 + 3*j - 1. Let z(i) = -i**2 + 17*i - 68. Let n be z(10). What is t(n)?
-21
Let q(t) = t - 17. Let u be q(19). Let d(j) = -34*j**2 + 6*j + 24*j**u + 7 + 14*j**2 - 3*j - j**3. Let o = 10 - 5. Calculate d(o).
-3
Suppose 7 = a - 5*t, 2*t + 6 = a - 2*t. Suppose 0 = -2*s - 3*d + 4, 0 = -5*s + a*d + 17 + 31. Let g(k) = -k. What is g(s)?
-8
Let b be 3 + 2 + (12 - -16). Let i(p) = -p + 2. Let r be i(2). Let s(h) = 2*h + b + r*h - 39. Give s(5).
4
Let p(h) = 3*h. Suppose 0*r - 5*r - b + 80 = 0, -2*r + 59 = -5*b. Let c = r - 20. Determine p(c).
-9
Let t(l) = l**3 - l**2 + 8*l - 7. Let j(d) = 4*d**3 - 2*d**2 + 27*d - 20. Let q(f) = -2*j(f) + 7*t(f). What is q(-4)?
-1
Let k(i) = -i**3 + 3*i**2 - i - 8. Let v(a) be the first derivative of 5*a**4/4 - 13*a**3/3 + 2*a**2 + 32*a + 6. Let h(w) = 9*k(w) + 2*v(w). Determine h(0).
-8
Let w(v) be the first derivative of v**4/4 - v**3 - v**2 + 3*v + 22. Give w(2).
-5
Let g(i) = -5*i. Suppose x - 2*x = 3. Let d(q) = -9*q + 266. Let s be d(30). Let j(p) = 4*p - 1. Let f(o) = s*j(o) + x*g(o). What is f(3)?
1
Let v(g) = g**3 + 13*g**2 - 11. Let f be v(-13). Let n = 13 + f. Suppose -b = -4*y - n, -7 - 15 = -4*b + 2*y. Let a(h) = h**2 - 6*h - 5. Calculate a(b).
-5
Let j(c) = c**2 - 2*c. Let k = -655 + 658. What is j(k)?
3
Let l(s) = -5*s - 4. Let y(a) = 36*a - 147. Let h be y(4). Give l(h).
11
Let l(u) = -9*u**2 - 15*u - 10. Let q(o) = 2*o**2 + 1. Let z(c) = -l(c) - 6*q(c). Give z(5).
4
Let c(u) = 28*u**3 - 29*u**3 + 26 - 26. Let o(f) be the second derivative of -f**5/10 + 5*f**4/12 - f**3/6 + f**2/2 + f. Let t(v) = c(v) - o(v). Determine t(4).
-13
Let q(z) be the second derivative of -z**5/20 - 13*z**4/6 - 13*z**3/3 - 16*z**2 - 704*z. What is q(-25)?
-7
Let a(x) be the third derivative of x**4/24 + 28*x**2 + x. Suppose j + 1 = -1, 3*z - j = -4. What is a(z)?
-2
Let o = -3 - -5. Let k(h) = 2*h - 9*h**2 + h**3 + 5*h - 11 + o + 2*h**2. Calculate k(6).
-3
Let u(d) = -2*d + 164 - 177 + 2*d + d. What is u(10)?
-3
Let l be ((-4)/(-12))/(3/9). Let f(i) be the first derivative of -7*i**2/2 + i - 15. Calculate f(l).
-6
Suppose -17 = -5*c - 3*x - 0*x, -4*c = -3*x - 19. Let s(r) = 1 - r + 21*r**2 + 2*r**3 - 17*r**2 - 3*r**3. Determine s(c).
-3
Let b(k) = 13*k**3 - 7*k**2 - 9*k + 5. Let j(h) = -4*h**3 + 3*h**2 + 3*h - 2. Let c(m) = -2*b(m) - 7*j(m). What is c(4)?
8
Let o(y) be the second derivative of -y**5/20 - 2*y**4/3 - 4*y**3/3 + 4*y**2 + 2*y - 1562. Suppose -4*f = 2*n - 0*n + 26, -3*f = n + 16. What is o(n)?
15
Let d(n) = 8*n. Let v be 2/(-6) - (2 + (-320)/6). Let i = 50 - v. Calculate d(i).
-8
Let j(i) = -3*i + 4. Let b = 168 - 165. What is j(b)?
-5
Let p(b) be the first derivative of b**4/12 + b**3/3 - 2*b**2 - 14*b + 9. Let o(n) be the first derivative of p(n). Calculate o(-4).
4
Let b(r) = r**3 - 5*r**2 + 2*r + 2. Let a = -94 + 81. Let s be (-6)/24 - a/4. Determine b(s).
-10
Let z(r) be the second derivative of r**5/20 - 3*r**4/4 + 11*r**2/2 + 15*r - 6. Give z(9).
11
Let i be 210/50 - -2 - (-1)/(-5). Let l(v) = v**2 - 9*v + 14. Determine l(i).
-4
Let u = -200 - -196. Let k(q) = q + 2. Calculate k(u).
-2
Let c(k) = k**2 + 2*k + 3. Let t be c(-2). Let w(a) = -a**3 + 285 - t*a + 2*a - 280 + 4*a**2. Let h(f) = -f + 4. Let g be h(0). Determine w(g).
1
Let f(i) = -21*i**3 + 10*i**2 + 13*i + 1. Let s(a) = 5*a**3 - a**2 - a. Let p(d) = f(d) + 4*s(d). Calculate p(7).
15
Let w(k) be the first derivative of k**4/4 - k**2/2 - 1. Suppose 0 = 2*z + 5*y + 13, -y = -5*z - 6*y - 10. Suppose 0*u = -5*j - u + z, u + 6 = 2*j. Give w(j).
0
Let k(m) be the second derivative of -m**5/20 - 5*m**4/12 - m**3/6 - 5*m**2/2 - 9*m. Let q(n) = n**3 - 9*n**2 - 11*n + 5. Let i be q(10). Determine k(i).
0
Let x be (-14)/6*(-12)/(4 + 0). Let j(v) = -v + 12. Let w(i) = -2*i + 18. Let l(z) = 7*j(z) - 5*w(z). Determine l(x).
15
Let s = 6 - -11. Suppose 0 = -3*h + 2*h + s. Let q = h - 14. Let l(u) = -u**3 + 2*u**2 + u + 2. Determine l(q).
-4
Let c(u) = -u**3 + 7*u**2 - 7*u + 4. Let a be (-3 + 2)/((-3)/33). Let k(p) = -p**3 + 12*p**2 - 8*p - 27. Let w be k(a). Calculate c(w).
-2
Let q(r) = -r**2 - r - 7. Suppose -14*h + 10*h = 0. Determine q(h).
-7
Let h = 18 - 14. Let y(z) = z. Let q(o) = 3*o - 2. Let n(m) = q(m) - 5*y(m). What is n(h)?
-10
Let n(a) = -a**3 - 18*a**2 + 20*a + 28. Let y be n(-19). Suppose -y*o = 29 + 7. Let x(p) = p**2 + 4*p. Determine x(o).
0
Let c(v) = -3*v**2 + 32*v - 16. Let y be c(10). Let w = 2 - 8. Let k be w + 4/8*y. Let x(d) = d. Give x(k).
-4
Let t(q) = -q - 11. Let z(m) = -6. Let l = 2 + -5. Let b(g) = l*t(g) + 5*z(g). Let s = 6 + -9. What is b(s)?
-6
Let o(p) = p - 1. Let z(a) = a**2 - 5*a - 4. Let t(f) = 5*o(f) + z(f). Determine t(0).
-9
Let j(n) = n**3 + 4*n**2 + 5*n + 1. Let k(w) = w**2 + w. Let y(b) = -j(b) + 5*k(b). Let u(f) = 7*f**3 - 8*f + 6. Let x(v) = u(v) + 6*y(v). Calculate x(-7).
7
Let o(v) = -6*v. Let g(z) = z**3 + 2*z**2 + z - 2. Let p be g(-3). Let q = -13 - p. Let x be (q/3)/((-4)/12). What is o(x)?
6
Let a(k) be the second derivative of -k**6/120 + k**5/20 - k**4/12 + 2*k**3/3 - 15*k**2 + 17*k. Let r(d) be the first derivative of a(d). Calculate r(3).
-2
Let m(j) = j**3 - 6*j**2 - 5*j - 6. Let g(a) = 9*a**2 + 2. Let d be g(4). Let v = -139 + d. What is m(v)?
8
Let l(o) = -68*o + 542. Let k be l(8). Let z(u) = -u + 7. What is z(k)?
9
Suppose -3*n = -b - 7, n + 0*b - 2*b = -1. Suppose 0 = v - n*v - 6. Let l be 10/v - 8/12. Let p(r) = r**2 + 3*r + 6. Determine p(l).
10
Let v(a) = a**3 + a**2 - 4*a - 2. Suppose y - 5*n = -14, -2*n + 0*n + 20 = -4*y. Let i be v(y). Let k = i - -29. Let m(u) = -u**2 - 6*u - 2. Calculate m(k).
3
Suppose -7*b = -2*b. Let n(i) = -7*i + 11*i**2 - 4*i**2 + 5 + i**3 - 1 + b*i. Determine n(-8).
-4
Let t(z) = z**3 + 9*z**2 - 6*z - 6. Let m(x) = x**3 - 7*x**2 - 6*x - 25. Let k be m(8). Determine t(k).
48
Let i(u) = 13*u - 4*u**2 + 1 + 20*u + u**3 - 40*u. Let m(t) = t**3 - 3*t**2 - 6*t + 2. Let s(o) = 2*i(o) - 3*m(o). What is s(3)?
-10
Suppose p = 3*j + j + 551, 3*p + 3 = 0. Let v = j - -133. Let k(a) = a**3 + 5*a**2 - 3*a + 3. Give k(v).
18
Suppose -5*l - 7 = 4*w, -w - 4*l + 0*l = 10. Let y(m) = m**w - 3*m - 1 - 5 - m + 3*m. Let h(j) = -j**3 - 7*j**2 - 7*j - 6. Let d be h(-6). Calculate y(d).
-6
Let b(q) be the third derivative of -7*q**4/24 - 2*q**3 - q**2 - 36. Calculate b(-4).
16
Let y(q) be the second derivative of q**4/12 + 5*q**3/6 - 7*q**2 - 3*q + 7. Determine y(-6).
-8
Let n(y) = -5*y**3 - 32*y**2 + 21*y - 3. Let f(k) = -2*k**3 - 11*k**2 + 7*k - 1. Let t(o) = 8*f(o) - 3*n(o). Suppose x + 0 = 7. What is 